f 20?
True
Does 13 divide 17175?
False
Is 120 a factor of 7562?
False
Is 11 a factor of 5612?
False
Is 29154 a multiple of 84?
False
Does 80 divide 320?
True
Is 16 a factor of 1200?
True
Does 19 divide 22667?
True
Is 15483 a multiple of 128?
False
Is 104 a factor of 21008?
True
Is 1979 a multiple of 21?
False
Is 110 a multiple of 5?
True
Is 442 a factor of 39656?
False
Does 63 divide 1275?
False
Does 16 divide 1024?
True
Is 10611 a multiple of 236?
False
Does 19 divide 266?
True
Is 58 a factor of 25123?
False
Is 2 a factor of 113?
False
Is 13509 a multiple of 237?
True
Is 4100 a multiple of 31?
False
Is 1461 a multiple of 20?
False
Is 3838 a multiple of 8?
False
Is 23064 a multiple of 186?
True
Is 16 a factor of 3460?
False
Is 29 a factor of 15689?
True
Is 30 a factor of 997?
False
Is 79 a factor of 1324?
False
Is 100 a factor of 1900?
True
Does 24 divide 1580?
False
Does 4 divide 2308?
True
Is 2989 a multiple of 8?
False
Is 44 a factor of 8888?
True
Is 378 a multiple of 14?
True
Is 141 a multiple of 3?
True
Is 72 a factor of 16344?
True
Does 6 divide 17610?
True
Does 3 divide 57?
True
Is 3 a factor of 10983?
True
Is 8195 a multiple of 271?
False
Is 5742 a multiple of 6?
True
Is 245 a multiple of 7?
True
Is 33 a factor of 1834?
False
Does 170 divide 16660?
True
Is 1793 a multiple of 11?
True
Is 17 a factor of 1424?
False
Is 1357 a multiple of 59?
True
Is 2400 a multiple of 16?
True
Does 37 divide 14874?
True
Is 55 a factor of 1449?
False
Is 910 a multiple of 35?
True
Does 59 divide 3440?
False
Does 30 divide 1031?
False
Does 15 divide 816?
False
Is 6 a factor of 282?
True
Is 116 a factor of 2436?
True
Is 41 a factor of 221?
False
Does 17 divide 1768?
True
Is 2552 a multiple of 29?
True
Is 30 a factor of 270?
True
Is 450 a multiple of 45?
True
Is 74 a factor of 14570?
False
Is 12 a factor of 671?
False
Is 829 a multiple of 61?
False
Does 93 divide 1812?
False
Does 9 divide 1071?
True
Is 462 a multiple of 42?
True
Is 173 a multiple of 8?
False
Is 16 a factor of 24480?
True
Is 406 a factor of 19919?
False
Does 22 divide 704?
True
Does 176 divide 4411?
False
Does 34 divide 5489?
False
Does 16 divide 89?
False
Is 15 a factor of 3645?
True
Is 8 a factor of 704?
True
Does 28 divide 784?
True
Does 56 divide 2598?
False
Is 15 a factor of 12364?
False
Does 36 divide 7783?
False
Does 15 divide 1306?
False
Is 28 a factor of 15596?
True
Is 9720 a multiple of 34?
False
Is 294 a multiple of 16?
False
Is 27050 a multiple of 50?
True
Does 6 divide 20346?
True
Is 124992 a multiple of 14?
True
Does 9 divide 36105?
False
Is 70 a factor of 162?
False
Is 7050 a multiple of 13?
False
Is 272 a multiple of 16?
True
Is 5 a factor of 243?
False
Does 70 divide 8960?
True
Is 27 a factor of 42822?
True
Does 80 divide 24498?
False
Does 5 divide 513?
False
Is 41 a factor of 3526?
True
Is 2016 a multiple of 18?
True
Is 32764 a multiple of 43?
False
Is 5632 a multiple of 14?
False
Is 66 a factor of 1650?
True
Does 9 divide 376?
False
Does 15 divide 11595?
True
Does 11 divide 123244?
True
Does 6 divide 1852?
False
Does 52 divide 37525?
False
Is 10 a factor of 5938?
False
Does 14 divide 33852?
True
Is 2115 a multiple of 15?
True
Does 2 divide 244?
True
Is 11 a factor of 17990?
False
Is 6857 a multiple of 50?
False
Is 21 a factor of 273?
True
Is 318 a multiple of 2?
True
Is 1702 a multiple of 23?
True
Does 10 divide 160?
True
Does 40 divide 2600?
True
Does 75 divide 1072?
False
Is 12 a factor of 28596?
True
Is 10701 a multiple of 41?
True
Is 15 a factor of 36855?
True
Is 35 a factor of 245?
True
Is 1055 a multiple of 31?
False
Is 1971 a multiple of 27?
True
Does 14 divide 697?
False
Does 20 divide 20220?
True
Does 26 divide 75607?
False
Does 17 divide 85?
True
Is 128 a factor of 5011?
False
Does 8 divide 15496?
True
Is 486 a multiple of 6?
True
Does 7 divide 87759?
True
Is 15 a factor of 3315?
True
Does 13 divide 4531?
False
Is 1166 a multiple of 11?
True
Is 35 a factor of 29995?
True
Is 9 a factor of 901?
False
Is 1170 a multiple of 90?
True
Does 19 divide 26040?
False
Does 5 divide 385?
True
Is 14 a factor of 2464?
True
Is 7840 a multiple of 10?
True
Is 4046 a multiple of 34?
True
Is 44 a factor of 440?
True
Does 29 divide 377?
True
Does 75 divide 18037?
False
Does 8 divide 3185?
False
Is 22 a factor of 572?
True
Does 54 divide 12074?
False
Does 4 divide 1328?
True
Is 7138 a multiple of 86?
True
Is 32811 a multiple of 11?
False
Does 4 divide 110?
False
Is 8 a factor of 4784?
True
Is 64 a factor of 2730?
False
Is 33424 a multiple of 52?
False
Is 363 a multiple of 19?
False
Does 149 divide 7840?
False
Is 7 a factor of 1927?
False
Is 540 a multiple of 36?
True
Is 3 a factor of 1680?
True
Is 5760 a multiple of 45?
True
Is 1104 a multiple of 4?
True
Is 60444 a multiple of 18?
True
Is 50523 a multiple of 11?
True
Is 108 a factor of 3907?
False
Does 3 divide 237?
True
Is 472 a multiple of 6?
False
Is 72 a factor of 1289?
False
Does 10 divide 61475?
False
Does 67 divide 469?
True
Is 51240 a multiple of 17?
False
Does 35 divide 983?
False
Is 45 a factor of 55800?
True
Is 18 a factor of 72?
True
Is 3726 a multiple of 27?
True
Is 55 a factor of 2035?
True
Is 1295 a multiple of 35?
True
Is 6535 a multiple of 17?
False
Is 38 a factor of 65?
False
Is 3207 a multiple of 130?
False
Is 50 a factor of 999?
False
Does 83 divide 1936?
False
Is 460 a multiple of 9?
False
Does 8 divide 192?
True
Is 1236 a multiple of 4?
True
Is 13 a factor of 307?
False
Does 84 divide 124656?
True
Does 11 divide 297?
True
Is 314 a multiple of 43?
False
Is 11 a factor of 1100?
True
Is 3186 a multiple of 9?
True
Does 89 divide 5296?
False
Is 72 a factor of 1488?
False
Is 13 a factor of 234?
True
Does 17 divide 21317?
False
Does 14 divide 5526?
False
Is 21 a factor of 3297?
True
Does 132 divide 36623?
False
Is 52 a factor of 4944?
False
Is 186 a multiple of 3?
True
Is 137 a factor of 4921?
False
Is 15 a factor of 92?
False
Is 2220 a multiple of 82?
False
Does 23 divide 10959?
False
Is 191 a factor of 3056?
True
Is 6 a factor of 624?
True
Is 177 a factor of 36956?
False
Does 29 divide 522?
True
Is 2378 a multiple of 31?
False
Does 2 divide 47?
False
Is 45 a factor of 6197?
False
Is 16 a factor of 5376?
True
Is 139 a multiple of 65?
False
Does 11 divide 901?
False
Is 5431 a multiple of 75?
False
Is 13 a factor of 1110?
False
Is 14 a factor of 2142?
True
Is 129 a multiple of 39?
False
Is 3375 a multiple of 27?
True
Is 13046 a multiple of 22?
True
Is 25 a factor of 136038?
False
Does 20 divide 60?
True
Is 45 a factor of 392?
False
Does 3 divide 15?
True
Is 5 a factor of 370?
True
Is 5890 a multiple of 98?
False
Is 9 a factor of 102258?
True
Is 75 a factor of 756?
False
Is 3869 a multiple of 166?
False
Is 7364 a multiple of 28?
True
Is 21338 a multiple of 64?
False
Is 63007 a multiple of 352?
False
Is 137 a factor of 9864?
True
Is 28015 a multiple of 23?
False
Is 7 a factor of 749?
True
Is 5922 a multiple of 17?
False
Is 10472 a multiple of 163?
False
Is 54 a factor of 22114?
False
Is 2185 a multiple of 19?
True
Is 27234 a multiple of 178?
True
Is 80 a factor of 4640?
True
Is 16 a factor of 125586?
False
Is 4 a factor of 54?
False
Is 23 a factor of 3168?
False
Is 18367 a multiple of 37?
False
Does 14 divide 462?
True
Is 9 a factor of 4355?
False
Is 16023 a multiple of 16?
False
Is 955 a multiple of 5?
True
Does 82 divide 15878?
False
Is 687 a multiple of 51?
False
Is 39 a factor of 54132?
True
Is 11125 a multiple of 89?
True
Does 5 divide 2780?
True
Does 21 divide 819?
True
Does 2 divide 5552?
True
Is 3 a factor of 230?
False
Is 34515 a multiple of 195?
True
Is 48 a multiple of 3?
True
Is 13 a factor of 1342?
False
Is 12876 a multiple of 75?
False
Does 29 divide 138?
False
Is 709 a multiple of 27?
False
Is 33012 a multiple of 84?
True
Is 77 a factor of 12936?
True
Does 5 divide 105?
True
Is 52 a factor of 14352?
True
Does 5 divide 1185?
True
Does 9 divide 171?
True
Is 37 a factor of 1406?
True
Does 14 divide 1960?
True
Is 9 even?
False
Is 4 a factor of 108?
True
Is 280 a multiple of 13?
False
Is 1099 a multiple of 14?
False
Does 167 divide 20859?
False
Does 38 divide 53166?
False
Does 41 divide 2419?
True
Does 15 divide 3735?
True
Is 66 a factor of 4361?
False
Is 2033 a multiple of 25?
False
Does 11 divide 1731?
False
